{"id":413,"date":"2015-01-06T15:04:38","date_gmt":"2015-01-06T14:04:38","guid":{"rendered":"https:\/\/www.villagabriella.net\/?page_id=413"},"modified":"2015-04-01T15:37:17","modified_gmt":"2015-04-01T13:37:17","slug":"la-villa","status":"publish","type":"page","link":"https:\/\/www.villagabriella.net\/it\/la-villa\/","title":{"rendered":"La villa"},"content":{"rendered":"<p>[vc_row][vc_column width=&#8221;1\/1&#8243;][vc_column_text]<\/p>\n<h2>Villa Asta, simbolo Manierista Borghese<\/h2>\n<h3>Si ispira alla Rotonda del Palladio (oggi elegante dimora con servizi B &amp; B per ospiti di riguardo denominata Villa Gabriella).<\/h3>\n<p>[\/vc_column_text][vc_row_inner][vc_column_inner width=&#8221;1\/2&#8243;][vc_single_image image=&#8221;381&#8243; border_color=&#8221;grey&#8221; img_link_large=&#8221;yes&#8221; img_link_target=&#8221;_self&#8221; img_size=&#8221;large&#8221;][\/vc_column_inner][vc_column_inner width=&#8221;1\/2&#8243;][vc_column_text]Alla fine del XIX sec, con la diffusione in Europa della civilt\u00e0 industriale, la produzione artistica subisce radicali mutamenti con l&#8217;intento di superare i precedenti modelli classici e soddisfare la libert\u00e0 creativa adattandola alle nuove esigenze dettate dal progresso tecnologico. Le architetture si trasformarono diventando pi\u00f9 ass\u00ecmmetr\u00ecche e arrichendosi di elementi quali terrazze, verande, tettoie in vetro e ferro, torrette loggiati e scalinate di accesso spesso arrotondate e abbellite da ringhiere di ferro e ghisa.<\/p>\n<p>L&#8217;isola del Lido si presentava come pi\u00f9 adatta alle sperimentazioni ecclettiche d&#8217;inizio secolo. Un importante imprenditore, Nicolo Spada, cap\u00ec, che poteva diventare luogo eletto per la villeggiatura fra mare Adriatico e laguna, ad un passo da Venezia e Piazza San Marco.<br \/>\nIl progetto di un grandissimo albergo venne affidato a Giovanni Sardi che realizz\u00f2 appunto l&#8217;Hotel Excelsior. Siamo ai primi del &#8216;900 e contemporaneamente sorgeranno l&#8217;Hotel Hungaria e l&#8217;Hotel Des Bains: splendida e raffinata costruzione, la prima con spiaggia privata e un grande parco fre\u00adsco e odoroso.[\/vc_column_text][\/vc_column_inner][\/vc_row_inner][vc_row_inner][vc_column_inner width=&#8221;2\/3&#8243;][vc_column_text]Il salto di qualit\u00e0 era avvenuto: subito il Lido fu scelto dalla nobilt\u00e0 europea, da esponenti dell&#8217;alta politica e finanza, da artisti e musicisti internazionali e la ricca borghesia fece a gara per entrare in questo circolo di mondana vacanza. La zona compresa fra i succitati alberghi venne pianificata e architetti di varia provenienza si cimentarono nelle costruzioni pi\u00f9 ecclettiche che si possano immaginare.<\/p>\n<p>Si attinse al classico, al bizantino e gotico proprio per restare abbarbicati alle radici storiche ma con innovazioni che scendevano d&#8217;oltralpe allacciando il linguaggio locale alla Secessione Viennese, allo Jugendstil, al Liberty inglese e belga, all&#8217;Art Deco.<\/p>\n<p>Il risultato fu armonioso e piacevole e soprattutto cospicuo, incredibile e unico per quantit\u00e0 concentrata in un unico luogo: in quella striscia di terra fra mare e laguna che da l\u00ec a poco verr\u00e0 chiamata &#8220;l&#8217;Isola d&#8217;Oro&#8221;.<\/p>\n<p>Fra le numerosissime ville ed alberghi che sorsero agli inizi del &#8216;900 vorrei parlare di Villa Asta (nella foto) costruita dall&#8217;Ing. Sicher nel 1928 che chiaramente si ispir\u00f2 a Villa Capra-Valmarana detta La Rotonda di Andrea Palladio.[\/vc_column_text][\/vc_column_inner][vc_column_inner width=&#8221;1\/3&#8243;][vc_single_image image=&#8221;415&#8243; border_color=&#8221;grey&#8221; img_link_large=&#8221;yes&#8221; img_link_target=&#8221;_self&#8221; img_size=&#8221;medium&#8221;][\/vc_column_inner][\/vc_row_inner][vc_column_text]Venne commissionata da Olga Lustig Asta quale residenza stagionale, scegliendo un luogo molto panoramico: di fronte al mare e all&#8217;incrocio fra due strade e una piazzetta. L&#8217;ampiezza e l&#8217;apertura spaziale han dato la possibilit\u00e0 di sviluppare la costruzione attorno ad un corpo centrale con la presenza di tre facciate rese pi\u00f9 importanti dalla maestosit\u00e0 delle colonne ioniche, dalla presenza dei timpani e delle gradinate d&#8217;accesso. Tutt&#8217;intorno il giardino con bei cancelli e pilastri laternati da siepi e vegetazione varia.[\/vc_column_text][vc_row_inner][vc_column_inner width=&#8221;1\/4&#8243;][vc_single_image image=&#8221;414&#8243; border_color=&#8221;grey&#8221; img_link_large=&#8221;yes&#8221; img_link_target=&#8221;_self&#8221; img_size=&#8221;large&#8221;][\/vc_column_inner][vc_column_inner width=&#8221;3\/4&#8243;][vc_column_text]Accanto alla struttura classica troviamo altri elementi appartenenti all&#8217;Art Nouveau soprattutto negli interni come le travi ornate, le colonne dipinte a marmorino rosso di Verona, cornici, stucchi, ringhiere ed un originaliss\u00ecmo pannello in pietra intarsiata a motivi rito e zoomorfi tipici degli arazzi medioevali.<\/p>\n<p>Da una scaletta a chiocciola si accede alla lanterna ottagonale in ferro e vetro con uno spazio anulare da cui si ammira uno dei pi\u00f9 bei panorami del Lido: dal mare aperto ai giardini circostanti, dalla laguna al Bacino San Marco.<\/p>\n<p>La signora Olga Asta era una nota produt-trice di merletti che diede vita intorno agli anni &#8217;30 ad una intensa produzione di trine e pizzi che pur restando fedeli nella tecnica di esecuzione all&#8217;antica tradizione della scuola di Burano, rinnovava disegni e modelli secondo il gusto del suo tempo conquistando notoriet\u00e0 e successo commerciale.[\/vc_column_text][\/vc_column_inner][\/vc_row_inner][vc_row_inner][vc_column_inner width=&#8221;1\/2&#8243;][vc_column_text]<\/p>\n<table class=\"contentpaneopen\">\n<tbody>\n<tr>\n<td valign=\"top\">Le pi\u00f9 importanti teste coronate d&#8217;Europa commissionavano interi corredi da sposa ed Olga Asta provvedeva a soddisfare ogni esigenza operando sempre all&#8217;insegna della raffinatezza e dei buon gusto. Parte di questa Villa oggi \u00e8 stata sapiente\u00admente trasformata dal signor Stefano Calandra in un delizioso Bed &amp; Brekfast rispondente ai canoni delia pi\u00f9 moderna funzionalit\u00e0, sobriet\u00e0 ed eleganza dell&#8217;insieme.<\/td>\n<\/tr>\n<\/tbody>\n<\/table>\n<p><span class=\"article_separator\">\u00a0<\/span>[\/vc_column_text][\/vc_column_inner][vc_column_inner width=&#8221;1\/2&#8243;][vc_single_image image=&#8221;1061&#8243; border_color=&#8221;grey&#8221; img_link_large=&#8221;yes&#8221; img_link_target=&#8221;_self&#8221; img_size=&#8221;large&#8221;][\/vc_column_inner][\/vc_row_inner][\/vc_column][\/vc_row]<\/p>\n","protected":false},"excerpt":{"rendered":"<p>[vc_row][vc_column width=&#8221;1\/1&#8243;][vc_column_text] Villa Asta, simbolo Manierista Borghese Si ispira alla Rotonda del Palladio (oggi elegante dimora con servizi B &amp; B per ospiti di riguardo denominata Villa Gabriella). [\/vc_column_text][vc_row_inner][vc_column_inner width=&#8221;1\/2&#8243;][vc_single_image image=&#8221;381&#8243; border_color=&#8221;grey&#8221; img_link_large=&#8221;yes&#8221; img_link_target=&#8221;_self&#8221; img_size=&#8221;large&#8221;][\/vc_column_inner][vc_column_inner width=&#8221;1\/2&#8243;][vc_column_text]Alla fine del XIX sec, con la diffusione in Europa della civilt\u00e0 industriale, la produzione artistica subisce radicali mutamenti con [&hellip;]<\/p>\n","protected":false},"author":3,"featured_media":338,"parent":0,"menu_order":0,"comment_status":"closed","ping_status":"closed","template":"","meta":[],"_links":{"self":[{"href":"https:\/\/www.villagabriella.net\/it\/wp-json\/wp\/v2\/pages\/413"}],"collection":[{"href":"https:\/\/www.villagabriella.net\/it\/wp-json\/wp\/v2\/pages"}],"about":[{"href":"https:\/\/www.villagabriella.net\/it\/wp-json\/wp\/v2\/types\/page"}],"author":[{"embeddable":true,"href":"https:\/\/www.villagabriella.net\/it\/wp-json\/wp\/v2\/users\/3"}],"replies":[{"embeddable":true,"href":"https:\/\/www.villagabriella.net\/it\/wp-json\/wp\/v2\/comments?post=413"}],"version-history":[{"count":14,"href":"https:\/\/www.villagabriella.net\/it\/wp-json\/wp\/v2\/pages\/413\/revisions"}],"predecessor-version":[{"id":1065,"href":"https:\/\/www.villagabriella.net\/it\/wp-json\/wp\/v2\/pages\/413\/revisions\/1065"}],"wp:featuredmedia":[{"embeddable":true,"href":"https:\/\/www.villagabriella.net\/it\/wp-json\/wp\/v2\/media\/338"}],"wp:attachment":[{"href":"https:\/\/www.villagabriella.net\/it\/wp-json\/wp\/v2\/media?parent=413"}],"curies":[{"name":"wp","href":"https:\/\/api.w.org\/{rel}","templated":true}]}}

<p>[vc_row][vc_column width=&#8221;1/1&#8243;][vc_column_text]</p>
<h2>Villa Asta, simbolo Manierista Borghese</h2>
<h3>Si ispira alla Rotonda del Palladio (oggi elegante dimora con servizi B &amp; B per ospiti di riguardo denominata Villa Gabriella).</h3>
<p>[/vc_column_text][vc_row_inner][vc_column_inner width=&#8221;1/2&#8243;][vc_single_image image=&#8221;381&#8243; border_color=&#8221;grey&#8221; img_link_large=&#8221;yes&#8221; img_link_target=&#8221;_self&#8221; img_size=&#8221;large&#8221;][/vc_column_inner][vc_column_inner width=&#8221;1/2&#8243;][vc_column_text]Alla fine del XIX sec, con la diffusione in Europa della civiltà industriale, la produzione artistica subisce radicali mutamenti con l&#8217;intento di superare i precedenti modelli classici e soddisfare la libertà creativa adattandola alle nuove esigenze dettate dal progresso tecnologico. Le architetture si trasformarono diventando più assìmmetrìche e arrichendosi di elementi quali terrazze, verande, tettoie in vetro e ferro, torrette loggiati e scalinate di accesso spesso arrotondate e abbellite da ringhiere di ferro e ghisa.</p>
<p>L&#8217;isola del Lido si presentava come più adatta alle sperimentazioni ecclettiche d&#8217;inizio secolo. Un importante imprenditore, Nicolo Spada, capì, che poteva diventare luogo eletto per la villeggiatura fra mare Adriatico e laguna, ad un passo da Venezia e Piazza San Marco.<br />
Il progetto di un grandissimo albergo venne affidato a Giovanni Sardi che realizzò appunto l&#8217;Hotel Excelsior. Siamo ai primi del &#8216;900 e contemporaneamente sorgeranno l&#8217;Hotel Hungaria e l&#8217;Hotel Des Bains: splendida e raffinata costruzione, la prima con spiaggia privata e un grande parco fre­sco e odoroso.[/vc_column_text][/vc_column_inner][/vc_row_inner][vc_row_inner][vc_column_inner width=&#8221;2/3&#8243;][vc_column_text]Il salto di qualità era avvenuto: subito il Lido fu scelto dalla nobiltà europea, da esponenti dell&#8217;alta politica e finanza, da artisti e musicisti internazionali e la ricca borghesia fece a gara per entrare in questo circolo di mondana vacanza. La zona compresa fra i succitati alberghi venne pianificata e architetti di varia provenienza si cimentarono nelle costruzioni più ecclettiche che si possano immaginare.</p>
<p>Si attinse al classico, al bizantino e gotico proprio per restare abbarbicati alle radici storiche ma con innovazioni che scendevano d&#8217;oltralpe allacciando il linguaggio locale alla Secessione Viennese, allo Jugendstil, al Liberty inglese e belga, all&#8217;Art Deco.</p>
<p>Il risultato fu armonioso e piacevole e soprattutto cospicuo, incredibile e unico per quantità concentrata in un unico luogo: in quella striscia di terra fra mare e laguna che da lì a poco verrà chiamata &#8220;l&#8217;Isola d&#8217;Oro&#8221;.</p>
<p>Fra le numerosissime ville ed alberghi che sorsero agli inizi del &#8216;900 vorrei parlare di Villa Asta (nella foto) costruita dall&#8217;Ing. Sicher nel 1928 che chiaramente si ispirò a Villa Capra-Valmarana detta La Rotonda di Andrea Palladio.[/vc_column_text][/vc_column_inner][vc_column_inner width=&#8221;1/3&#8243;][vc_single_image image=&#8221;415&#8243; border_color=&#8221;grey&#8221; img_link_large=&#8221;yes&#8221; img_link_target=&#8221;_self&#8221; img_size=&#8221;medium&#8221;][/vc_column_inner][/vc_row_inner][vc_column_text]Venne commissionata da Olga Lustig Asta quale residenza stagionale, scegliendo un luogo molto panoramico: di fronte al mare e all&#8217;incrocio fra due strade e una piazzetta. L&#8217;ampiezza e l&#8217;apertura spaziale han dato la possibilità di sviluppare la costruzione attorno ad un corpo centrale con la presenza di tre facciate rese più importanti dalla maestosità delle colonne ioniche, dalla presenza dei timpani e delle gradinate d&#8217;accesso. Tutt&#8217;intorno il giardino con bei cancelli e pilastri laternati da siepi e vegetazione varia.[/vc_column_text][vc_row_inner][vc_column_inner width=&#8221;1/4&#8243;][vc_single_image image=&#8221;414&#8243; border_color=&#8221;grey&#8221; img_link_large=&#8221;yes&#8221; img_link_target=&#8221;_self&#8221; img_size=&#8221;large&#8221;][/vc_column_inner][vc_column_inner width=&#8221;3/4&#8243;][vc_column_text]Accanto alla struttura classica troviamo altri elementi appartenenti all&#8217;Art Nouveau soprattutto negli interni come le travi ornate, le colonne dipinte a marmorino rosso di Verona, cornici, stucchi, ringhiere ed un originalissìmo pannello in pietra intarsiata a motivi rito e zoomorfi tipici degli arazzi medioevali.</p>
<p>Da una scaletta a chiocciola si accede alla lanterna ottagonale in ferro e vetro con uno spazio anulare da cui si ammira uno dei più bei panorami del Lido: dal mare aperto ai giardini circostanti, dalla laguna al Bacino San Marco.</p>
<p>La signora Olga Asta era una nota produt-trice di merletti che diede vita intorno agli anni &#8217;30 ad una intensa produzione di trine e pizzi che pur restando fedeli nella tecnica di esecuzione all&#8217;antica tradizione della scuola di Burano, rinnovava disegni e modelli secondo il gusto del suo tempo conquistando notorietà e successo commerciale.[/vc_column_text][/vc_column_inner][/vc_row_inner][vc_row_inner][vc_column_inner width=&#8221;1/2&#8243;][vc_column_text]</p>
<table class="contentpaneopen">
<tbody>
<tr>
<td valign="top">Le più importanti teste coronate d&#8217;Europa commissionavano interi corredi da sposa ed Olga Asta provvedeva a soddisfare ogni esigenza operando sempre all&#8217;insegna della raffinatezza e dei buon gusto. Parte di questa Villa oggi è stata sapiente­mente trasformata dal signor Stefano Calandra in un delizioso Bed &amp; Brekfast rispondente ai canoni delia più moderna funzionalità, sobrietà ed eleganza dell&#8217;insieme.</td>
</tr>
</tbody>
</table>
<p><span class="article_separator"> </span>[/vc_column_text][/vc_column_inner][vc_column_inner width=&#8221;1/2&#8243;][vc_single_image image=&#8221;1061&#8243; border_color=&#8221;grey&#8221; img_link_large=&#8221;yes&#8221; img_link_target=&#8221;_self&#8221; img_size=&#8221;large&#8221;][/vc_column_inner][/vc_row_inner][/vc_column][/vc_row]</p>

<p>[vc_row][vc_column width=&#8221;1/1&#8243;][vc_column_text] Villa Asta, simbolo Manierista Borghese Si ispira alla Rotonda del Palladio (oggi elegante dimora con servizi B &amp; B per ospiti di riguardo denominata Villa Gabriella). [/vc_column_text][vc_row_inner][vc_column_inner width=&#8221;1/2&#8243;][vc_single_image image=&#8221;381&#8243; border_color=&#8221;grey&#8221; img_link_large=&#8221;yes&#8221; img_link_target=&#8221;_self&#8221; img_size=&#8221;large&#8221;][/vc_column_inner][vc_column_inner width=&#8221;1/2&#8243;][vc_column_text]Alla fine del XIX sec, con la diffusione in Europa della civiltà industriale, la produzione artistica subisce radicali mutamenti con [&hellip;]</p>
